{"id":34,"date":"2019-10-20T17:01:44","date_gmt":"2019-10-20T15:01:44","guid":{"rendered":"http:\/\/annawhitlocksgymnasium.se\/whitloggen\/?page_id=34"},"modified":"2019-11-08T17:30:20","modified_gmt":"2019-11-08T16:30:20","slug":"ansok","status":"publish","type":"page","link":"https:\/\/annawhitlocksgymnasium.se\/whitloggen\/ansok\/","title":{"rendered":"Ans\u00f6k"},"content":{"rendered":"[tdc_zone type=&#8221;tdc_content&#8221;][vc_row][vc_column width=&#8221;2\/3&#8243;][td_block_text_with_title custom_title=&#8221;Ans\u00f6kan&#8221;]\n<p>\u00c4r du sugen p\u00e5 att g\u00e5 med i skoltidningen? Skicka in en intresseanm\u00e4lan till whitloggen@gmail.com d\u00e4r du besvarar dessa fr\u00e5gor:<\/p>\n<p>1. Namn och Klass<br \/>2. Vad \u00e4r ditt intresseomr\u00e5de? Ex. att skriva, fotografera, rita, designa och m.m.<br \/>3. Kommer du kunna medverka p\u00e5 minst ett m\u00f6te i veckan?<\/p>\n<p>Superbra om du kan skicka in fr\u00e5n din elevmail<\/p>\n<p>Med Varma H\u00e4lsningar,<br \/>Ledningen<\/p>\n[\/td_block_text_with_title][\/vc_column][vc_column width=&#8221;1\/3&#8243;][vc_single_image height=&#8221;130&#8243; size=&#8221;contain&#8221; media_size_image_height=&#8221;302&#8243; media_size_image_width=&#8221;500&#8243; image=&#8221;177&#8243;][\/vc_column][\/vc_row][\/tdc_zone]\n","protected":false},"excerpt":{"rendered":"<div class=\"tmnf_excerpt clearfix\"><p>tdc_zone type=&#8221;tdc_content&#8221;vc_rowvc_column width=&#8221;2\/3&#8243;td_block_text_with_title custom_title=&#8221;Ans\u00f6kan&#8221; \u00c4r du sugen p\u00e5 att g\u00e5 med i skoltidningen? Skicka in en intresseanm\u00e4lan till whitloggen@gmail.com d\u00e4r du besvarar dessa fr\u00e5gor: 1. Namn och Klass2. Vad \u00e4r ditt intresseomr\u00e5de? Ex. att skriva, fotografera, rita, designa och m.m.3. Kommer du kunna medverka p\u00e5 minst ett m\u00f6te i veckan? Superbra om du kan skicka &hellip;<\/p>\n<\/div>","protected":false},"author":1,"featured_media":0,"parent":0,"menu_order":0,"comment_status":"closed","ping_status":"closed","template":"","meta":[],"amp_enabled":true,"_links":{"self":[{"href":"https:\/\/annawhitlocksgymnasium.se\/whitloggen\/wp-json\/wp\/v2\/pages\/34"}],"collection":[{"href":"https:\/\/annawhitlocksgymnasium.se\/whitloggen\/wp-json\/wp\/v2\/pages"}],"about":[{"href":"https:\/\/annawhitlocksgymnasium.se\/whitloggen\/wp-json\/wp\/v2\/types\/page"}],"author":[{"embeddable":true,"href":"https:\/\/annawhitlocksgymnasium.se\/whitloggen\/wp-json\/wp\/v2\/users\/1"}],"replies":[{"embeddable":true,"href":"https:\/\/annawhitlocksgymnasium.se\/whitloggen\/wp-json\/wp\/v2\/comments?post=34"}],"version-history":[{"count":0,"href":"https:\/\/annawhitlocksgymnasium.se\/whitloggen\/wp-json\/wp\/v2\/pages\/34\/revisions"}],"wp:attachment":[{"href":"https:\/\/annawhitlocksgymnasium.se\/whitloggen\/wp-json\/wp\/v2\/media?parent=34"}],"curies":[{"name":"wp","href":"https:\/\/api.w.org\/{rel}","templated":true}]}}